2, what is 10100000010001011 - 11?
10100000010001000
In base 11, what is -1441a + -1?
-14420
In base 10, what is -11673 + -85?
-11758
In base 8, what is -26 + 15323?
15275
In base 6, what is 0 - 354254?
-354254
In base 7, what is -1631226 + -3?
-1631232
In base 11, what is -14850 - 1?
-14851
In base 12, what is a9 + -44?
65
In base 14, what is -30a28 + 8?
-30a20
In base 5, what is 132123003 - 3?
132123000
In base 3, what is 122 - -210122101?
210200000
In base 8, what is -177504 - -24?
-177460
In base 7, what is -4 - 116122?
-116126
In base 6, what is -1 + -25513231?
-25513232
In base 7, what is 30 + 12016?
12046
In base 2, what is -1010110100 - 0?
-1010110100
In base 4, what is -11 - -131301200?
131301123
In base 3, what is -11112 + -10110100?
-10121212
In base 13, what is a1776 + -7?
a176c
In base 13, what is c038 + -5?
c033
In base 9, what is -86588 + 0?
-86588
In base 7, what is 6 - 240?
-231
In base 7, what is 1632 - -1?
1633
In base 15, what is ba8d + 12?
baa0
In base 16, what is -42 - -148?
106
In base 2, what is -1 + -1100110110010111?
-1100110110011000
In base 4, what is 1001210311 - 10?
1001210301
In base 4, what is 11 - -11012?
11023
In base 15, what is 10ba55 - 5?
10ba50
In base 3, what is 220120010 - -10?
220120020
In base 8, what is 3 - -42251?
42254
In base 5, what is -3133 + -144344?
-203032
In base 13, what is 217 + -1201?
-cb7
In base 3, what is -200201 + -12022?
-220000
In base 15, what is -8957 - -2b?
-892b
In base 4, what is 1 + -11012333?
-11012332
In base 6, what is 2 - 23352?
-23350
In base 6, what is -125 - -101235?
101110
In base 13, what is 830c + -54?
8288
In base 5, what is 1144 - 143210?
-142011
In base 11, what is -3 - -8526?
8523
In base 6, what is 3 - 422300?
-422253
In base 16, what is -32b9 - 1?
-32ba
In base 13, what is 396c + -255?
3717
In base 12, what is 519 + -b?
50a
In base 3, what is 10221100202 + -20?
10221100112
In base 16, what is -9733 - 2?
-9735
In base 3, what is -2100000101 + 1?
-2100000100
In base 15, what is 10 + 780a?
781a
In base 2, what is -11000100100100 + -11111?
-11000101000011
In base 14, what is 45b6 - 105?
44b1
In base 13, what is -6a - 1393?
-1430
In base 11, what is 8668 - a?
8659
In base 8, what is -5134067 - -1?
-5134066
In base 5, what is -10011104 - 2?
-10011111
In base 12, what is 5 + -1656a8?
-1656a3
In base 13, what is -1016 - 3?
-1019
In base 15, what is 33 + baa?
bdd
In base 4, what is -30 + -22113?
-22203
In base 12, what is 5 + 2461a?
24623
In base 13, what is 3 - -1a6488?
1a648b
In base 14, what is 74dc - -3?
7501
In base 5, what is 11 - 214040?
-214024
In base 11, what is 2459a1 - -11?
245a02
In base 13, what is -11c87 + -15?
-11c9c
In base 8, what is -1072 - -404?
-466
In base 3, what is 120200111 + 1?
120200112
In base 3, what is 121011221 - 10?
121011211
In base 6, what is 14144 - -12?
14200
In base 11, what is 6 - -8646?
8651
In base 4, what is -10010 + -10220?
-20230
In base 6, what is -4 - 24112?
-24120
In base 3, what is -1121120 - 11122?
-1210012
In base 15, what is ab8d - 3?
ab8a
In base 15, what is 83ede + 10?
83eee
In base 15, what is -15891 + -2?
-15893
In base 5, what is -400 + 404?
4
In base 15, what is -1b4a + 5?
-1b45
In base 14, what is c5c1 - 3?
c5bc
In base 7, what is 130424 + 16?
130443
In base 3, what is 2102200 + 20122?
2200022
In base 14, what is -542c - -21?
-540b
In base 8, what is -145201 + -12?
-145213
In base 12, what is 11 - 8284?
-8273
In base 16, what is 4 + -7bdb?
-7bd7
In base 2, what is -100010110001010000 - 111?
-100010110001010111
In base 2, what is -10 + -100011011111010?
-100011011111100
In base 12, what is 69981 + -2?
6997b
In base 16, what is -2 + 154a39?
154a37
In base 3, what is -2 + 20200112?
20200110
In base 12, what is 4 + -75a?
-756
In base 9, what is -3043578 - 1?
-3043580
In base 13, what is -27 - -1a0?
176
In base 6, what is -33 + 2320?
2243
In base 6, what is 2434 + -312?
2122
In base 8, what is -5 - -251526?
251521
In base 12, what is -1 + 2496?
2495
In base 4, what is -13033 + 10132?
-2301
In base 5, what is 2304 + -1013?
1241
In base 11, what is 0 - 582277?
-582277
In base 9, what is 1 - -108654?
108655
In base 2, what is 11 - 1000011101010?
-1000011100111
In base 6, what is -4 + 12245?
12241
In base 13, what is 7 - 262?
-258
In base 8, what is -557 + -3021?
-3600
In base 5, what is -2 - -33314?
33312
In base 15, what is -731 + 2c2?
-45e
In base 2, what is 10 + 10010111111000100101?
10010111111000100111
In base 16, what is 10f8fc - 3?
10f8f9
In base 3, what is 1002 - 1200110?
-1122101
In base 2, what is -110110101100 - 110100101?
-111101010001
In base 5, what is 1431 + 141?
2122
In base 6, what is 3 - 113010?
-113003
In base 6, what is 10 - -2302?
2312
In base 10, what is 1421 - -57?
1478
In base 8, what is -305 + 532?
225
In base 9, what is -526 - 2?
-528
In base 2, what is 10010000 - 1001000110011?
-1000110100011
In base 11, what is 20a - -9851?
9a60
In base 6, what is 2022 - 224?
1354
In base 8, what is -5 + -561420?
-561425
In base 5, what is 104 + -12441?
-12332
In base 12, what is 413604 + 2?
413606
In base 9, what is -5528 - -5?
-5523
In base 4, what is 2 + 1211203?
1211211
In base 9, what is 33188 - 10?
33178
In base 5, what is -1021 - 14103?
-20124
In base 4, what is 33 + 313301?
320000
In base 11, what is -1 + 16898?
16897
In base 16, what is 1acc5 - 2?
1acc3
In base 2, what is 110001000010100 + -1010100?
110000111000000
In base 15, what is 2 + -95?
-93
In base 3, what is -2 - -220112001?
220111222
In base 10, what is -632 + 38?
-594
In base 7, what is -144220 + -50?
-144300
In base 12, what is 5 + -50501?
-504b8
In base 6, what is -123140 - -20?
-123120
In base 10, what is -10 + -7165?
-7175
In base 9, what is 761 + 13?
774
In base 2, what is 10011011000 - 11000001?
10000010111
In base 2, what is 1101001111110101100 + 1?
1101001111110101101
In base 11, what is 10 + 26068?
26078
In base 15, what is 335 - -3e?
374
In base 3, what is 10 + 200222200110?
200222200120
In base 4, what is 30102102 - 3?
30102033
In base 2, what is -1010100011101 + 1110?
-1010100001111
In base 15, what is 3022 - -88?
30aa
In base 8, what is -20 + -15405?
-15425
In base 11, what is 529 + -a6?
433
In base 12, what is -64b54 + -8?
-64b60
In base 8, what is 152017 - 31?
151766
In base 14, what is -b - 4028c?
-40299
In base 11, what is -8 + 104075?
104068
In base 2, what is -100 - 101010100010110100?
-101010100010111000
In base 8, what is 241 - -3435?
3676
In base 14, what is c - -59?
67
In base 6, what is 154353 + -4?
154345
In base 15, what is -337311 - 3?
-337314
In base 11, what is -1114 - -49?
-1076
In base 2, what is -1011001011011 + -10000?
-1011001101011
In base 9, what is -5 + 18040?
18034
In base 14, what is -6 - -bbd?
bb7
In base 3, what is 1212102 - -2111?
1221220
In base 16, what is -c7 + b77?
ab0
In base 14, what is -25 + -14da7?
-14dcc
In base 9, what is -41664 + 5?
-41658
In base 3, what is 22020020 - 1201?
22011112
In base 6, what is -23 + 144501?
144434
In base 3, what is 2 + 200100222012?
200100222021
In base 9, what is -6 + 26574?
26567
In base 3, what is -11 - -10122102?
10122021
In base 8, what is 1211 - -1242?
2453
In base 12, what is 99 + -354b?
-3472
In base 13, what is 14 + -16a1?
-168a
In base 3, what is -2 + 11101011100?
11101011021
In base 9, what is -847655 - -3?
-847652
In base 12, what is -3689848 - -3?
-3689845
In base 11, what is -72847 - -2?
-72845
In base 6, what is -352 + -3140?
-3532
In base 5, what is -130 + 111344?
111214
In base 8, what is 13 + -10075?
-10062
In base 7, what is 3422 + 13?
3435
In base 15, what is -b53b - 2?
-b53d
In base 15, what is -2 + -20ecd?
-20ed0
In base 4, what is -22102 + 123?
-21313
In base 2, what is 10110110000100 + -11?
10110110000001
In base 4, what is -22321 + 101?
-22220
In base 5, what is 300 - 31001?
-30201
In base 8, what is -66 + 5574?
5506
In base 15, what is 4 - 496?
-492
In base 6, what is -11 + 21455?
21444
In base 4, what is -13 + -31312?
-31331
In base 8, what is 1 + 30423?
30424
In base 9, what is -237 + 1235?
887
In base 12, what is b051 - 3a?
b013
In base 14, what is -c + -11a93?
-11aa1
In base 15, what is 1 + d964d?
d964e
In base 10, what is -1024 + 84?
-940
In base 12, what is -1aa12 + -12b?
-1ab41
In base 2, what is -1111011 + -110100010?
-1000011